posite number?
False
Let g(o) = -29682*o**3 + 2*o**2 + 13*o + 12. Is g(-1) a prime number?
True
Suppose -3*p + 3 + 18 = 0. Suppose 4*d + p = 23. Suppose 5*b = -l + 6806, -8794 = -d*b - 2*l - 3348. Is b a composite number?
False
Suppose 0 = -j + 2*n + 818, 0 = -n - 9 + 3. Suppose 5*u + 215 = 3*q - 5*q, 2*u - 6 = 0. Let i = j + q. Is i prime?
True
Let x(u) = -u**3 + 237*u**2 - 254*u + 187. Is x(72) composite?
True
Suppose -8 = -4*i, -i - 9521 = -3*q + i. Suppose u + q = 5*j - 0*j, -2*j = -3*u - 1283. Is j a composite number?
True
Let j = 18022 - 10419. Is j prime?
True
Suppose 2*d - d - 5*s - 2 = 0, 5*d = -3*s + 10. Suppose -d*o = -4, -3455 = -4*m - 4*o + 44605. Is m composite?
True
Let x(h) = -h**2 + 7*h + 13. Let n be x(8). Suppose 0 = f + 4*o - 3, o - 6 = -n*f + 9. Suppose -2*p + 1187 = 3*d + 2*p, 1188 = f*d + 3*p. Is d a prime number?
True
Suppose -g + 88844 = -5*k, 0*k - 6*k + 5*g = 106609. Let h = -7292 - k. Is h a composite number?
False
Let k(n) = -2*n**3 - 30*n**2 - 27*n + 27. Let q be k(-15). Let p = q - 377. Is p composite?
True
Let q be 16 + -12 - ((2 - 2) + -10169). Let c = q - 6966. Is c prime?
False
Suppose 0*y = -18*y + 54. Suppose 3*x = 6*l - y*l - 6141, 2071 = l + 5*x. Is l prime?
False
Suppose 4*l = -5*n + 50, 5*n - 4 = n + 4*l. Let v(t) = 2*t - 9. Let i be v(n). Suppose -b + 2*h + 3 = -44, -4*h = -i*b + 149. Is b a prime number?
False
Let z = 56940 - 4081. Is z prime?
True
Let r = -23 + 43. Suppose 0 = -3*j + 7*j - r. Suppose -1176 = -j*f - 281. Is f prime?
True
Let l(k) = 31*k - 7 + 11 + 7*k. Let i be l(-2). Is (-46797)/(-27) + 16/i prime?
True
Let w be -3 - (-5)/(15/24). Suppose w*x = -4*x + 17460. Is 10/8*x/5 a prime number?
False
Is ((34/(-8))/17)/((-2)/14216) a prime number?
True
Suppose 26*d - 21*d - 146675 = -r, 5*r + 2*d = 733352. Suppose 24*m + 6*m - r = 0. Is m prime?
True
Let r be (-7 + 14 - 11) + 3. Let j(g) = -2978*g**3 + 2*g**2 + 6*g + 4. Is j(r) a prime number?
False
Let i(s) be the first derivative of 28*s**2 + 5*s + 1. Let y(f) = 344*f + 1042. Let w be y(-3). Is i(w) prime?
False
Suppose -2*z + 4*i + 0 + 4 = 0, -5*z + 4*i + 10 = 0. Let y(r) = 13 + 3*r**2 + 0*r**z - r**2 - 6*r. Is y(-6) composite?
True
Let m be (-4)/24 + 13102586/84. Suppose m - 29560 = 33*v. Is v composite?
True
Let j(v) = 8883*v**3 + 30*v**2 + 6*v + 26. Is j(4) a prime number?
False
Let y be (-5)/(9 + 6)*(0 + 0). Suppose y = -5*w + 21797 + 4568. Is w a composite number?
False
Let u = 20 + -60. Let r = u + 50. Let d = 27 + r. Is d a composite number?
False
Suppose -84*p + 5*s = -83*p - 309971, 1549995 = 5*p - 5*s. Is p composite?
True
Let u(j) = -416*j**2 + 4*j + 6. Let w(r) = 415*r**2 - 3*r - 6. Let p(h) = 3*u(h) + 4*w(h). Is p(2) a prime number?
False
Let t(n) = n**2 + 16*n - 103. Let z be t(5). Suppose -o + y = -12240, z*o + 4*y - 27205 = -2743. Is o composite?
True
Suppose 11*a - 105 = 4*a. Let d be (-5)/(-2)*18/a. Suppose -d*v + 0 + 3 = 0, 3114 = 5*b - v. Is b composite?
True
Let d(j) = 21000*j**2 + 10*j + 25. Let h be d(-2). Suppose 0 = -20*v + h + 159935. Is v composite?
False
Let b be (-7)/((-21)/(-15)) - -9. Let f be (b - 15/3) + 484. Suppose -y - f = -2686. Is y prime?
True
Suppose -c - 10*i + 7*i = -45218, 6*c - 271373 = -5*i. Is c prime?
True
Is 3 - (-136)/(-44) - 125230/(-22)*4 composite?
False
Let x be -5 + 3/3 - (-1111 + 0). Let u = x - 104. Suppose -5*o + u = 3*a, 295 = o + 3*a + 104. Is o a composite number?
True
Is (6/10)/(-1) + (-5448492)/(-270) a prime number?
False
Let l = -30 - -42. Suppose -l*z = -375654 + 71322. Is z a prime number?
False
Let a(d) = 5*d - 13. Let r be a(3). Suppose 0 = -n + 4*n + 3*h - 366, 5*n - r*h - 638 = 0. Let f = n + -35. Is f prime?
False
Let i be 90/360 + (-513870)/(-8). Suppose -i + 307209 = 5*f. Is f composite?
True
Suppose 0 = c + x - 55, 20*x = -c + 17*x + 61. Suppose 37*g + 162585 = c*g. Is g prime?
False
Suppose 39*z - 5*z = -58208. Is (-25 - -27)/(z/(-854) - 2) prime?
False
Suppose 8*i - 4*i - 64 = 0. Suppose -23*m - i = -21*m. Is ((-6)/9)/(m/18516) prime?
True
Let c(h) = h**2 + 5*h - 5*h - 4*h**2 - 4*h - h**3 - 9. Let m be c(-3). Is 3019/m - (-8)/12 a composite number?
True
Let v be (-1*8/5)/(78/195). Let f = v - -9. Suppose 0*p - f*p = -12895. Is p prime?
True
Let c(b) = -b**2 + 8*b - 6. Let l be c(7). Suppose x - 3 = l. Suppose -2*h - 2*h - 1237 = -3*u, -2*h = -x*u + 1646. Is u composite?
True
Let g(n) = -n**2 - 11*n - 20. Let i be g(-8). Suppose -63 = -i*v - 63. Suppose 2*c + 2*l + 0*l = 984, 5*c + 3*l - 2470 = v. Is c composite?
True
Suppose -69*p + p + 4*p = -61062208. Is p composite?
False
Let v = 458 + -450. Suppose -v*o + 12266 + 24286 = 0. Is o prime?
False
Suppose s + 17 = 17. Let a be (s - (1 - 1))/((-213)/(-71)). Suppose -i + 2*g + 2619 = 0, 4*g - 13039 = -5*i - a*i. Is i composite?
True
Let f(x) = -398*x**2 + 2*x - 6. Let k be f(2). Is (k/(-3))/(54/405) prime?
False
Suppose 0 = 11*d - 20*d + 33723. Let a = 6980 - d. Is a a composite number?
True
Suppose 2*s - c = -3, c = 6*c + 5. Is (1/s)/(137970/68988 + -2) a prime number?
True
Let c(l) = l**2 - 40*l - 125. Let p be c(-3). Suppose 5*k = -p*f + 39567, -10 = 4*f + f. Is k a composite number?
True
Suppose 147*j = 44372493 + 10110967 + 158628173. Is j a prime number?
False
Let q be 23/(-46)*0/2. Suppose 5*y = -3*z + 4240, -5*y + 2*z + 1944 + 2321 = q. Is y a composite number?
True
Let x be (3/(18/(-16)))/((-48)/72). Is x - 4 - (2 - 841) composite?
False
Suppose 5*g + u = 357632, g + 9*u = 27405 + 44095. Is g a composite number?
False
Let o = 53 + -21. Let d = -22 + o. Suppose d*a - 1936 - 5574 = 0. Is a composite?
False
Let r(o) = 925*o**3 - 7*o - 7. Let x(w) = 1851*w**3 - w**2 - 15*w - 17. Let l(g) = 7*r(g) - 3*x(g). Is l(1) composite?
True
Suppose -34 = -v - 18. Let h = -15 + v. Is (-2)/(-8) + (7135/4 - h) a prime number?
True
Suppose 81 = 25*z - 44. Suppose -6*f - q = -4*f - 5163, -z*f - 5*q + 12910 = 0. Is f a prime number?
False
Suppose -6*k + 5*k = -56. Suppose 2*m = k + 126. Is (-5)/(-1) + 18*m a composite number?
True
Let k = 57 + -50. Suppose 0 = -k*b - 7 - 7. Is (-67)/b*52/2 a prime number?
False
Let g(z) = 21*z**2 - 12*z + 851. Is g(-76) a prime number?
True
Let r = -478 - -490. Suppose 13*p - r*p - 9819 = -2*z, 4*z + 3*p = 19639. Is z a composite number?
False
Suppose 2*t + 20 = 7*t. Suppose 10820 = 4*c + 5*m, -3*m + 1338 = t*c - 9482. Is c prime?
False
Suppose 10*a = -3*a + 369010 + 855603. Is a composite?
False
Let b = 28803 - 6532. Is b composite?
False
Let t(o) = -15*o**3 - 4*o**2 - 5*o + 3. Let q be t(-3). Let r = -1964 + q. Let v = -1063 - r. Is v a prime number?
False
Let r(z) = -252*z**3 - 3*z**2 - 25*z + 33. Is r(-5) a prime number?
True
Let d = -408173 - -656032. Is d composite?
True
Let g = 9979 + 8491. Suppose -2*a + g = -4*u, 4*u = 4*a - 42203 + 5267. Is a a prime number?
False
Let t(m) be the second derivative of -1/6*m**3 + 127/6*m**4 + 0 - 6*m - 11/2*m**2. Is t(4) prime?
True
Let o = 159036 + -102191. Is o a prime number?
False
Suppose 0 = 8*z + 60 - 156. Suppose 19*o - z*o - 98 = 0. Suppose o*v = -2*v + 416. Is v prime?
False
Let u = 26 + -20. Let l be (-15)/u*3*(-16)/10. Suppose 3 = 3*q + l, -2*o = -2*q - 328. Is o composite?
True
Suppose 127*g - 4970699 - 542790 = 48*g. Is g a prime number?
False
Is 27/(-18)*((-882884)/(-18))/((-1)/3) a composite number?
False
Let g(z) be the second derivative of -9*z**5/10 - z**3/6 - 2*z**2 + 15*z. Suppose -16 = 4*a - l, -3*l + 9 = -5*a - 18. Is g(a) prime?
False
Suppose 5*n = 4*h + 1414807, 1249774 - 117944 = 4*n + 2*h. Is n composite?
False
Let g = 438 + -279. Suppose -4*i - 8 = -3*c - 80, -c - 56 = 4*i. Let l = g + c. Is l a composite number?
False
Suppose -6*o = 2*z + 408, 2*o - 2*z = -0*z - 144. Let f = o - -1223. Is f a prime number?
False
Suppose 0 = 4*z + 24, -93*v + 4*z = -96*v + 793773. Is v a composite number?
False
Let q(j) = 1741*j + 554. Is q(47) composite?
True
Let q = -218 + -278. Let r be -84*(4 - (-165)/(-12)). Let s = q + r. Is s a prime number?
False
Let f = -49 - -51. Suppose 31 = 4*g + 5*x, 4*g - 3*x = 5 + f. Suppose -3832 = -g*a + 3348. Is a a composite number?
True
Is (-2)/3*(-31255329)/658 composite?
False
Let a(m) = 67909*m - 304. Is a(5) composite?
True
Let q = 553 - -787. Let v be -1 - -3 - (-3 - q). Suppose -3*c + 4*w + v = 0, c